{"id":2012,"date":"2023-10-20T20:20:30","date_gmt":"2023-10-20T18:20:30","guid":{"rendered":"https:\/\/foretgourmande.fr\/?page_id=2012"},"modified":"2024-01-24T13:21:31","modified_gmt":"2024-01-24T12:21:31","slug":"plantes","status":"publish","type":"page","link":"https:\/\/foretgourmande.fr\/index.php\/plantes\/","title":{"rendered":"PLANTES"},"content":{"rendered":"\n<div class=\"wp-block-uagb-container uagb-block-2e63c763 alignfull uagb-is-root-container\"><div class=\"uagb-container-inner-blocks-wrap\">\n<div data-aos= \"fade-up\" data-aos-duration=\"400\" data-aos-delay=\"0\" data-aos-easing=\"ease\" data-aos-once=\"true\" class=\"wp-block-uagb-advanced-heading uagb-block-5a564e4e\"><h1 class=\"uagb-heading-text\">Nos plantes<\/h1><\/div>\n<\/div><\/div>\n\n\n\n<div class=\"wp-block-uagb-container uagb-block-aed23a33 alignfull uagb-is-root-container\"><div class=\"uagb-container-inner-blocks-wrap\">\n<div class=\"wp-block-uagb-tabs uagb-block-16d3f4cc uagb-tabs__wrap uagb-tabs__hstyle4-desktop uagb-tabs__vstyle6-tablet uagb-tabs__stack1-mobile\" data-tab-active=\"0\"><ul class=\"uagb-tabs__panel uagb-tabs__align-center\" role=\"tablist\"><li class=\"uagb-tab uagb-tabs__active\" role=\"none\"><a href=\"#uagb-tabs__tab0\" class=\"uagb-tabs-list uagb-tabs__icon-position-left\" data-tab=\"0\" role=\"tab\">Juglans cinerea<\/a><\/li><li class=\"uagb-tab \" role=\"none\"><a href=\"#uagb-tabs__tab1\" class=\"uagb-tabs-list uagb-tabs__icon-position-left\" data-tab=\"1\" role=\"tab\">Myrica cerifera<\/a><\/li><li class=\"uagb-tab \" role=\"none\"><a href=\"#uagb-tabs__tab2\" class=\"uagb-tabs-list uagb-tabs__icon-position-left\" data-tab=\"2\" role=\"tab\">Sassafras albidum<\/a><\/li><li class=\"uagb-tab \" role=\"none\"><a href=\"#uagb-tabs__tab3\" class=\"uagb-tabs-list uagb-tabs__icon-position-left\" data-tab=\"3\" role=\"tab\">STAPHYLEA PINNATA<\/a><\/li><\/ul><div class=\"uagb-tabs__body-wrap\">\n<div class=\"wp-block-uagb-tabs-child uagb-tabs__body-container uagb-inner-tab-0\" aria-labelledby=\"uagb-tabs__tab0\">\n<p>Le noyer cendr\u00e9 (Juglans cinerea L.), appel\u00e9 \u00e9galement noyer \u00e0 beurre ou noyer blanc, est une esp\u00e8ce indig\u00e8ne de l\u2019Est de l\u2019Am\u00e9rique du Nord.<\/p>\n\n\n\n<div class=\"wp-block-uagb-container uagb-block-113e7840 alignfull uagb-is-root-container\"><div class=\"uagb-container-inner-blocks-wrap\">\n<div class=\"wp-block-uagb-image uagb-block-8d31a59e wp-block-uagb-image--layout-default wp-block-uagb-image--effect-zoomin wp-block-uagb-image--align-none\"><figure class=\"wp-block-uagb-image__figure\"><img decoding=\"async\" srcset=\"https:\/\/foretgourmande.fr\/wp-content\/uploads\/2023\/07\/Juglans_cinerea_001-1080x675-1-300x188.jpg \" sizes=\"auto, (max-width: 480px) 150px\" src=\"https:\/\/foretgourmande.fr\/wp-content\/uploads\/2023\/07\/Juglans_cinerea_001-1080x675-1-300x188.jpg\" alt=\"\" class=\"uag-image-793\" width=\"300\" height=\"188\" title=\"\" loading=\"lazy\"\/><\/figure><\/div>\n\n\n\n<p><span style=\"font-size: medium\">Les noix, grasses et go\u00fbteuses, sont  g\u00e9n\u00e9ralement plus petites que celle du noyer noir mais d\u2019une tr\u00e8s bonne  saveur&nbsp;: elles sont souvent utilis\u00e9es cuites en p\u00e2tisserie et pour les  bonbons.<\/span><\/p>\n<\/div><\/div>\n\n\n\n<div class=\"wp-block-uagb-container uagb-block-fb4bd7ae alignfull uagb-is-root-container\"><div class=\"uagb-container-inner-blocks-wrap\">\n<p><span style=\"font-size: medium\">Les vari\u00e9t\u00e9s s\u00e9lectionn\u00e9es pr\u00e9sentent des caract\u00e9ristiques tr\u00e8s int\u00e9ressantes comme le cultivar Beckwith qui est tr\u00e8s productif et tr\u00e8s rustique, fructifie chaque ann\u00e9e (ce qui est rare chez les noyers cendr\u00e9s) et produit une noix de taille moyenne pr\u00e9sentant d\u2019excellentes qualit\u00e9 gustatives, ou encore le cultivar Kenworthy qui est \u00e9galement tr\u00e8s productif et donne des noix tr\u00e8s grosses et faciles \u00e0 fendre.<\/span><\/p>\n\n\n\n<div class=\"wp-block-uagb-image uagb-block-4570cd16 wp-block-uagb-image--layout-default wp-block-uagb-image--effect-zoomin wp-block-uagb-image--align-none\"><figure class=\"wp-block-uagb-image__figure\"><img decoding=\"async\" srcset=\"https:\/\/foretgourmande.fr\/wp-content\/uploads\/2023\/07\/NAS-031f_Juglans_cinerea-621x1024-1-182x300.png \" sizes=\"auto, (max-width: 480px) 150px\" src=\"https:\/\/foretgourmande.fr\/wp-content\/uploads\/2023\/07\/NAS-031f_Juglans_cinerea-621x1024-1-182x300.png\" alt=\"\" class=\"uag-image-794\" width=\"182\" height=\"300\" title=\"\" loading=\"lazy\"\/><\/figure><\/div>\n<\/div><\/div>\n<\/div>\n\n\n\n<div class=\"wp-block-uagb-tabs-child uagb-tabs__body-container uagb-inner-tab-1\" aria-labelledby=\"uagb-tabs__tab1\">\n<p>Le myrique, Myrica cerifera est un v\u00e9g\u00e9tal bien peu banal : capable de pousser dans toute terre ingrate, s\u00e8che ou humide, en fixant l\u2019azote atmosph\u00e9rique.<\/p>\n\n\n\n<div class=\"wp-block-uagb-container uagb-block-816be2bb alignfull uagb-is-root-container\"><div class=\"uagb-container-inner-blocks-wrap\">\n<div class=\"wp-block-uagb-image uagb-block-2d7821fb wp-block-uagb-image--layout-default wp-block-uagb-image--effect-zoomin wp-block-uagb-image--align-none\"><figure class=\"wp-block-uagb-image__figure\"><img decoding=\"async\" srcset=\"https:\/\/foretgourmande.fr\/wp-content\/uploads\/2023\/07\/800px-Myrica_cerifera_HabitusLeaves_BotGardBln0906-300x225.jpg \" sizes=\"auto, (max-width: 480px) 150px\" src=\"https:\/\/foretgourmande.fr\/wp-content\/uploads\/2023\/07\/800px-Myrica_cerifera_HabitusLeaves_BotGardBln0906-300x225.jpg\" alt=\"\" class=\"uag-image-796\" width=\"300\" height=\"225\" title=\"\" loading=\"lazy\"\/><\/figure><\/div>\n\n\n\n<p><span style=\"font-size: medium\">Cet arbuste de la famille des Myricaceae peut atteindre 9-10 m\u00e8tres, sa taille maximale, tr\u00e8s rapidement. Le cirier pousse dans les r\u00e9gions c\u00f4ti\u00e8res de l\u2019est et du sud des \u00c9tats-Unis, jusqu\u2019au Texas et sa rusticit\u00e9 est excellente.<\/span><\/p>\n<\/div><\/div>\n\n\n\n<div class=\"wp-block-uagb-container uagb-block-d05f8f61 alignfull uagb-is-root-container\"><div class=\"uagb-container-inner-blocks-wrap\">\n<p><span style=\"font-size: medium\">Une teinture bleue peut \u00eatre obtenue \u00e0 partir des fruits dont le principal usage reste la fabrication de cire: une m\u00e9thode simple pour en obtenir 1 kg \u00e0 partir de 4 kg de fruits est d\u2019immerger ces derniers dans de l\u2019eau bouillante et de r\u00e9colter la cire flottant \u00e0 la surface.<\/span><\/p>\n\n\n\n<div class=\"wp-block-uagb-image uagb-block-b2bf2dba wp-block-uagb-image--layout-default wp-block-uagb-image--effect-zoomin wp-block-uagb-image--align-none\"><figure class=\"wp-block-uagb-image__figure\"><img decoding=\"async\" srcset=\"https:\/\/foretgourmande.fr\/wp-content\/uploads\/2023\/07\/6415496239_342c36924a_b-300x240.jpg \" sizes=\"auto, (max-width: 480px) 150px\" src=\"https:\/\/foretgourmande.fr\/wp-content\/uploads\/2023\/07\/6415496239_342c36924a_b-300x240.jpg\" alt=\"\" class=\"uag-image-797\" width=\"300\" height=\"240\" title=\"\" loading=\"lazy\"\/><\/figure><\/div>\n<\/div><\/div>\n<\/div>\n\n\n\n<div class=\"wp-block-uagb-tabs-child uagb-tabs__body-container uagb-inner-tab-2\" aria-labelledby=\"uagb-tabs__tab2\">\n<p>Les Lauraceae, plantes ancestrales contemporaines de faune et de flore aujourd\u2019hui disparues regroupent bien des esp\u00e8ces aromatiques (cannelle, camphre\u2026) des r\u00e9gions tropicales et subtropicales.<\/p>\n\n\n\n<div class=\"wp-block-uagb-container uagb-block-6f59cc8e alignfull uagb-is-root-container\"><div class=\"uagb-container-inner-blocks-wrap\">\n<p>L\u2019habitat originel du laurier des Iroquois regroupe des stations vari\u00e9es, riches ou pauvres en \u00e9l\u00e9ments nutritifs, dans les clairi\u00e8res ou les lisi\u00e8res foresti\u00e8res, en association \u00e0 d\u2019autres feuillus. <\/p>\n\n\n\n<div class=\"wp-block-uagb-image uagb-block-dc30eedd wp-block-uagb-image--layout-default wp-block-uagb-image--effect-zoomin wp-block-uagb-image--align-none\"><figure class=\"wp-block-uagb-image__figure\"><img decoding=\"async\" srcset=\"https:\/\/foretgourmande.fr\/wp-content\/uploads\/2023\/07\/Sassafras-albidum-2-1024x768-1-e1688658426582-300x120.jpg \" sizes=\"auto, (max-width: 480px) 150px\" src=\"https:\/\/foretgourmande.fr\/wp-content\/uploads\/2023\/07\/Sassafras-albidum-2-1024x768-1-e1688658426582-300x120.jpg\" alt=\"\" class=\"uag-image-799\" width=\"300\" height=\"120\" title=\"\" loading=\"lazy\"\/><\/figure><\/div>\n<\/div><\/div>\n\n\n\n<div class=\"wp-block-uagb-container uagb-block-caa077ac alignfull uagb-is-root-container\"><div class=\"uagb-container-inner-blocks-wrap\">\n<p><span style=\"font-size: medium\">Pr\u00e9sentant une bonne tol\u00e9rence \u00e0 l\u2019ombre, Sassafras albidum a derri\u00e8re lui une longue histoire d\u2019usage m\u00e9dicinal. Ses feuilles jeunes sont utilis\u00e9es crues ou cuites, m\u00e9lang\u00e9es pour parfumer des salades. Un th\u00e9 peut \u00eatre \u00e9labor\u00e9 \u00e0 partir des fleurs ou des feuilles.<\/span><\/p>\n\n\n\n<div class=\"wp-block-uagb-image uagb-block-81315fc3 wp-block-uagb-image--layout-default wp-block-uagb-image--effect-zoomin wp-block-uagb-image--align-none\"><figure class=\"wp-block-uagb-image__figure\"><img decoding=\"async\" srcset=\"https:\/\/foretgourmande.fr\/wp-content\/uploads\/2023\/07\/Sassafras-albidum-1024x768-1-300x225.jpg \" sizes=\"auto, (max-width: 480px) 150px\" src=\"https:\/\/foretgourmande.fr\/wp-content\/uploads\/2023\/07\/Sassafras-albidum-1024x768-1-300x225.jpg\" alt=\"\" class=\"uag-image-800\" width=\"300\" height=\"225\" title=\"\" loading=\"lazy\"\/><\/figure><\/div>\n<\/div><\/div>\n<\/div>\n\n\n\n<div class=\"wp-block-uagb-tabs-child uagb-tabs__body-container uagb-inner-tab-3\" aria-labelledby=\"uagb-tabs__tab3\">\n<p class=\"has-medium-font-size\"><strong>Le pistachier des sous-bois !<\/strong><\/p>\n\n\n\n<div class=\"wp-block-uagb-image aligncenter uagb-block-4a33bd84 wp-block-uagb-image--layout-default wp-block-uagb-image--effect-static wp-block-uagb-image--align-center\"><figure class=\"wp-block-uagb-image__figure\"><img decoding=\"async\" srcset=\"https:\/\/foretgourmande.fr\/wp-content\/uploads\/2024\/01\/Staphylea-pinnata-1-1-1080x675-1-1024x640.jpg ,https:\/\/foretgourmande.fr\/wp-content\/uploads\/2024\/01\/Staphylea-pinnata-1-1-1080x675-1.jpg 780w, https:\/\/foretgourmande.fr\/wp-content\/uploads\/2024\/01\/Staphylea-pinnata-1-1-1080x675-1.jpg 360w\" sizes=\"auto, (max-width: 480px) 150px\" src=\"https:\/\/foretgourmande.fr\/wp-content\/uploads\/2024\/01\/Staphylea-pinnata-1-1-1080x675-1-1024x640.jpg\" alt=\"\" class=\"uag-image-2441\" width=\"1080\" height=\"675\" title=\"\" loading=\"lazy\"\/><\/figure><\/div>\n\n\n\n<p>Staphylea pinnata compte parmi ces esp\u00e8ces robustes et parfaites pour densifier des plantations de fruitiers classiques et permettre d\u2019obtenir en quelques ann\u00e9es un visuel forestier.<\/p>\n\n\n\n<p>Esp\u00e8ce justement arbustive des sous-bois, Staphylea pinnata (\u00e0 l\u2019instar de Staphylea trifolia) est consid\u00e9r\u00e9 comme un petit fruitier \u00e0 coque. Son nom vernaculaire parle de lui-m\u00eame : le faux-pistachier offre \u00e0 l\u2019automne de petites noix comestibles (malheureusement difficiles \u00e0 briser!) mais \u00e0 l\u2019amande go\u00fbteuse et sucr\u00e9e, rappelant les pistaches.<\/p>\n\n\n\n<div class=\"wp-block-columns is-layout-flex wp-container-core-columns-is-layout-28f84493 wp-block-columns-is-layout-flex\">\n<div class=\"wp-block-column is-layout-flow wp-block-column-is-layout-flow\">\n<figure class=\"wp-block-image size-full is-resized\"><img loading=\"lazy\" decoding=\"async\" width=\"824\" height=\"720\" src=\"https:\/\/foretgourmande.fr\/wp-content\/uploads\/2024\/01\/Staphylea-pinnata-2-1.jpg\" alt=\"\" class=\"wp-image-2443\" style=\"width:504px;height:auto\" srcset=\"https:\/\/foretgourmande.fr\/wp-content\/uploads\/2024\/01\/Staphylea-pinnata-2-1.jpg 824w, https:\/\/foretgourmande.fr\/wp-content\/uploads\/2024\/01\/Staphylea-pinnata-2-1-300x262.jpg 300w, https:\/\/foretgourmande.fr\/wp-content\/uploads\/2024\/01\/Staphylea-pinnata-2-1-768x671.jpg 768w\" sizes=\"auto, (max-width: 824px) 100vw, 824px\" \/><\/figure>\n<\/div>\n\n\n\n<div class=\"wp-block-column is-layout-flow wp-block-column-is-layout-flow\">\n<figure class=\"wp-block-image size-full is-resized\"><img loading=\"lazy\" decoding=\"async\" width=\"490\" height=\"367\" src=\"https:\/\/foretgourmande.fr\/wp-content\/uploads\/2024\/01\/Staphylea-pinnata-3.jpg\" alt=\"\" class=\"wp-image-2444\" style=\"width:586px;height:auto\" srcset=\"https:\/\/foretgourmande.fr\/wp-content\/uploads\/2024\/01\/Staphylea-pinnata-3.jpg 490w, https:\/\/foretgourmande.fr\/wp-content\/uploads\/2024\/01\/Staphylea-pinnata-3-300x225.jpg 300w\" sizes=\"auto, (max-width: 490px) 100vw, 490px\" \/><\/figure>\n<\/div>\n<\/div>\n\n\n\n<p><\/p>\n\n\n\n<p>La r\u00e9colte se fait \u00e0 l\u2019automne quand les v\u00e9sicules contenant les graines deviennent marron et s\u00e8ches. Attractif pour l\u2019entomofaune, c\u2019est un arbuste tr\u00e8s ornemental, poussant parfaitement \u00e0 mi-ombre et dont les fruits peuvent aussi servir \u00e0 la confection d\u2019une huile alimentaire. De par son biotope primaire, l\u2019essence recherchera des sols riches, frais et bien drain\u00e9s o\u00f9 il atteindra une taille de 3 m\u00e8tres pour autant de large.<\/p>\n<\/div>\n<\/div><\/div>\n\n\n\n<p><\/p>\n<\/div><\/div>\n","protected":false},"excerpt":{"rendered":"<p>Nos plantes<\/p>\n","protected":false},"author":2,"featured_media":0,"parent":0,"menu_order":0,"comment_status":"closed","ping_status":"closed","template":"","meta":{"_uag_custom_page_level_css":"","site-sidebar-layout":"default","site-content-layout":"","ast-site-content-layout":"default","site-content-style":"default","site-sidebar-style":"default","ast-global-header-display":"","ast-banner-title-visibility":"","ast-main-header-display":"","ast-hfb-above-header-display":"","ast-hfb-below-header-display":"","ast-hfb-mobile-header-display":"","site-post-title":"disabled","ast-breadcrumbs-content":"","ast-featured-img":"","footer-sml-layout":"","theme-transparent-header-meta":"","adv-header-id-meta":"","stick-header-meta":"","header-above-stick-meta":"","header-main-stick-meta":"","header-below-stick-meta":"","astra-migrate-meta-layouts":"set","ast-page-background-enabled":"default","ast-page-background-meta":{"desktop":{"background-color":"var(--ast-global-color-4)","background-image":"","background-repeat":"repeat","background-position":"center center","background-size":"auto","background-attachment":"scroll","background-type":"","background-media":"","overlay-type":"","overlay-color":"","overlay-gradient":""},"tablet":{"background-color":"","background-image":"","background-repeat":"repeat","background-position":"center center","background-size":"auto","background-attachment":"scroll","background-type":"","background-media":"","overlay-type":"","overlay-color":"","overlay-gradient":""},"mobile":{"background-color":"","background-image":"","background-repeat":"repeat","background-position":"center center","background-size":"auto","background-attachment":"scroll","background-type":"","background-media":"","overlay-type":"","overlay-color":"","overlay-gradient":""}},"ast-content-background-meta":{"desktop":{"background-color":"var(--ast-global-color-5)","background-image":"","background-repeat":"repeat","background-position":"center center","background-size":"auto","background-attachment":"scroll","background-type":"","background-media":"","overlay-type":"","overlay-color":"","overlay-gradient":""},"tablet":{"background-color":"var(--ast-global-color-5)","background-image":"","background-repeat":"repeat","background-position":"center center","background-size":"auto","background-attachment":"scroll","background-type":"","background-media":"","overlay-type":"","overlay-color":"","overlay-gradient":""},"mobile":{"background-color":"var(--ast-global-color-5)","background-image":"","background-repeat":"repeat","background-position":"center center","background-size":"auto","background-attachment":"scroll","background-type":"","background-media":"","overlay-type":"","overlay-color":"","overlay-gradient":""}},"footnotes":""},"class_list":["post-2012","page","type-page","status-publish","hentry"],"yoast_head":"<!-- This site is optimized with the Yoast SEO plugin v22.1 - https:\/\/yoast.com\/wordpress\/plugins\/seo\/ -->\n<title>PLANTES - La For\u00eat Gourmande<\/title>\n<meta name=\"robots\" content=\"index, follow, max-snippet:-1, max-image-preview:large, max-video-preview:-1\" \/>\n<link rel=\"canonical\" href=\"https:\/\/foretgourmande.fr\/index.php\/plantes\/\" \/>\n<meta property=\"og:locale\" content=\"fr_FR\" \/>\n<meta property=\"og:type\" content=\"article\" \/>\n<meta property=\"og:title\" content=\"PLANTES - La For\u00eat Gourmande\" \/>\n<meta property=\"og:description\" content=\"Nos plantes\" \/>\n<meta property=\"og:url\" content=\"https:\/\/foretgourmande.fr\/index.php\/plantes\/\" \/>\n<meta property=\"og:site_name\" content=\"La For\u00eat Gourmande\" \/>\n<meta property=\"article:modified_time\" content=\"2024-01-24T12:21:31+00:00\" \/>\n<meta property=\"og:image\" content=\"https:\/\/foretgourmande.fr\/wp-content\/uploads\/2023\/07\/Juglans_cinerea_001-1080x675-1-300x188.jpg\" \/>\n<meta name=\"twitter:card\" content=\"summary_large_image\" \/>\n<meta name=\"twitter:label1\" content=\"Dur\u00e9e de lecture estim\u00e9e\" \/>\n\t<meta name=\"twitter:data1\" content=\"3 minutes\" \/>\n<script type=\"application\/ld+json\" class=\"yoast-schema-graph\">{\"@context\":\"https:\/\/schema.org\",\"@graph\":[{\"@type\":\"WebPage\",\"@id\":\"https:\/\/foretgourmande.fr\/index.php\/plantes\/\",\"url\":\"https:\/\/foretgourmande.fr\/index.php\/plantes\/\",\"name\":\"PLANTES - La For\u00eat Gourmande\",\"isPartOf\":{\"@id\":\"https:\/\/foretgourmande.fr\/#website\"},\"datePublished\":\"2023-10-20T18:20:30+00:00\",\"dateModified\":\"2024-01-24T12:21:31+00:00\",\"breadcrumb\":{\"@id\":\"https:\/\/foretgourmande.fr\/index.php\/plantes\/#breadcrumb\"},\"inLanguage\":\"fr-FR\",\"potentialAction\":[{\"@type\":\"ReadAction\",\"target\":[\"https:\/\/foretgourmande.fr\/index.php\/plantes\/\"]}]},{\"@type\":\"BreadcrumbList\",\"@id\":\"https:\/\/foretgourmande.fr\/index.php\/plantes\/#breadcrumb\",\"itemListElement\":[{\"@type\":\"ListItem\",\"position\":1,\"name\":\"Accueil\",\"item\":\"https:\/\/foretgourmande.fr\/\"},{\"@type\":\"ListItem\",\"position\":2,\"name\":\"PLANTES\"}]},{\"@type\":\"WebSite\",\"@id\":\"https:\/\/foretgourmande.fr\/#website\",\"url\":\"https:\/\/foretgourmande.fr\/\",\"name\":\"La For\u00eat Gourmande\",\"description\":\"\",\"publisher\":{\"@id\":\"https:\/\/foretgourmande.fr\/#organization\"},\"potentialAction\":[{\"@type\":\"SearchAction\",\"target\":{\"@type\":\"EntryPoint\",\"urlTemplate\":\"https:\/\/foretgourmande.fr\/?s={search_term_string}\"},\"query-input\":\"required name=search_term_string\"}],\"inLanguage\":\"fr-FR\"},{\"@type\":\"Organization\",\"@id\":\"https:\/\/foretgourmande.fr\/#organization\",\"name\":\"La For\u00eat Gourmande\",\"url\":\"https:\/\/foretgourmande.fr\/\",\"logo\":{\"@type\":\"ImageObject\",\"inLanguage\":\"fr-FR\",\"@id\":\"https:\/\/foretgourmande.fr\/#\/schema\/logo\/image\/\",\"url\":\"https:\/\/foretgourmande.fr\/wp-content\/uploads\/2023\/09\/logo-1024x1024.png\",\"contentUrl\":\"https:\/\/foretgourmande.fr\/wp-content\/uploads\/2023\/09\/logo-1024x1024.png\",\"width\":1024,\"height\":1024,\"caption\":\"La For\u00eat Gourmande\"},\"image\":{\"@id\":\"https:\/\/foretgourmande.fr\/#\/schema\/logo\/image\/\"}}]}<\/script>\n<!-- \/ Yoast SEO plugin. -->","yoast_head_json":{"title":"PLANTES - La For\u00eat Gourmande","robots":{"index":"index","follow":"follow","max-snippet":"max-snippet:-1","max-image-preview":"max-image-preview:large","max-video-preview":"max-video-preview:-1"},"canonical":"https:\/\/foretgourmande.fr\/index.php\/plantes\/","og_locale":"fr_FR","og_type":"article","og_title":"PLANTES - La For\u00eat Gourmande","og_description":"Nos plantes","og_url":"https:\/\/foretgourmande.fr\/index.php\/plantes\/","og_site_name":"La For\u00eat Gourmande","article_modified_time":"2024-01-24T12:21:31+00:00","og_image":[{"url":"https:\/\/foretgourmande.fr\/wp-content\/uploads\/2023\/07\/Juglans_cinerea_001-1080x675-1-300x188.jpg"}],"twitter_card":"summary_large_image","twitter_misc":{"Dur\u00e9e de lecture estim\u00e9e":"3 minutes"},"schema":{"@context":"https:\/\/schema.org","@graph":[{"@type":"WebPage","@id":"https:\/\/foretgourmande.fr\/index.php\/plantes\/","url":"https:\/\/foretgourmande.fr\/index.php\/plantes\/","name":"PLANTES - La For\u00eat Gourmande","isPartOf":{"@id":"https:\/\/foretgourmande.fr\/#website"},"datePublished":"2023-10-20T18:20:30+00:00","dateModified":"2024-01-24T12:21:31+00:00","breadcrumb":{"@id":"https:\/\/foretgourmande.fr\/index.php\/plantes\/#breadcrumb"},"inLanguage":"fr-FR","potentialAction":[{"@type":"ReadAction","target":["https:\/\/foretgourmande.fr\/index.php\/plantes\/"]}]},{"@type":"BreadcrumbList","@id":"https:\/\/foretgourmande.fr\/index.php\/plantes\/#breadcrumb","itemListElement":[{"@type":"ListItem","position":1,"name":"Accueil","item":"https:\/\/foretgourmande.fr\/"},{"@type":"ListItem","position":2,"name":"PLANTES"}]},{"@type":"WebSite","@id":"https:\/\/foretgourmande.fr\/#website","url":"https:\/\/foretgourmande.fr\/","name":"La For\u00eat Gourmande","description":"","publisher":{"@id":"https:\/\/foretgourmande.fr\/#organization"},"potentialAction":[{"@type":"SearchAction","target":{"@type":"EntryPoint","urlTemplate":"https:\/\/foretgourmande.fr\/?s={search_term_string}"},"query-input":"required name=search_term_string"}],"inLanguage":"fr-FR"},{"@type":"Organization","@id":"https:\/\/foretgourmande.fr\/#organization","name":"La For\u00eat Gourmande","url":"https:\/\/foretgourmande.fr\/","logo":{"@type":"ImageObject","inLanguage":"fr-FR","@id":"https:\/\/foretgourmande.fr\/#\/schema\/logo\/image\/","url":"https:\/\/foretgourmande.fr\/wp-content\/uploads\/2023\/09\/logo-1024x1024.png","contentUrl":"https:\/\/foretgourmande.fr\/wp-content\/uploads\/2023\/09\/logo-1024x1024.png","width":1024,"height":1024,"caption":"La For\u00eat Gourmande"},"image":{"@id":"https:\/\/foretgourmande.fr\/#\/schema\/logo\/image\/"}}]}},"uagb_featured_image_src":{"full":false,"thumbnail":false,"medium":false,"medium_large":false,"large":false,"1536x1536":false,"2048x2048":false},"uagb_author_info":{"display_name":"romeo","author_link":"https:\/\/foretgourmande.fr\/index.php\/author\/romeo\/"},"uagb_comment_info":0,"uagb_excerpt":"Nos plantes","_links":{"self":[{"href":"https:\/\/foretgourmande.fr\/index.php\/wp-json\/wp\/v2\/pages\/2012","targetHints":{"allow":["GET"]}}],"collection":[{"href":"https:\/\/foretgourmande.fr\/index.php\/wp-json\/wp\/v2\/pages"}],"about":[{"href":"https:\/\/foretgourmande.fr\/index.php\/wp-json\/wp\/v2\/types\/page"}],"author":[{"embeddable":true,"href":"https:\/\/foretgourmande.fr\/index.php\/wp-json\/wp\/v2\/users\/2"}],"replies":[{"embeddable":true,"href":"https:\/\/foretgourmande.fr\/index.php\/wp-json\/wp\/v2\/comments?post=2012"}],"version-history":[{"count":0,"href":"https:\/\/foretgourmande.fr\/index.php\/wp-json\/wp\/v2\/pages\/2012\/revisions"}],"wp:attachment":[{"href":"https:\/\/foretgourmande.fr\/index.php\/wp-json\/wp\/v2\/media?parent=2012"}],"curies":[{"name":"wp","href":"https:\/\/api.w.org\/{rel}","templated":true}]}}