{"id":2424,"date":"2024-01-23T22:06:14","date_gmt":"2024-01-23T21:06:14","guid":{"rendered":"https:\/\/foretgourmande.fr\/?page_id=2424"},"modified":"2024-03-04T08:11:50","modified_gmt":"2024-03-04T07:11:50","slug":"cuisine-agroforestiere","status":"publish","type":"page","link":"https:\/\/foretgourmande.fr\/index.php\/cuisine-agroforestiere\/","title":{"rendered":"Cuisine agroforesti\u00e8re"},"content":{"rendered":"\n<div class=\"wp-block-uagb-container uagb-block-8aeff7c9 alignfull uagb-is-root-container\"><div class=\"uagb-container-inner-blocks-wrap\">\n<div class=\"wp-block-uagb-container uagb-block-2b65961c\">\n<div data-aos= \"fade-up\" data-aos-duration=\"400\" data-aos-delay=\"0\" data-aos-easing=\"ease\" data-aos-once=\"true\" class=\"wp-block-uagb-advanced-heading uagb-block-99d42c7f\"><h1 class=\"uagb-heading-text\">CUISINE AGRO-FORESTIERE<\/h1><\/div>\n<\/div>\n<\/div><\/div>\n\n\n\n<p><\/p>\n\n\n\n<p><\/p>\n\n\n\n<p>Une for\u00eat \u00e0 manger produit des comestibles \u00e0 tous les \u00e9tages. Et ces comestibles on les appelle des forestibles.<br><br>Cuisiner ou crusiner ces ressources est une AUTRE MANI\u00c8RE DE SE NOURRIR. Caresser le feuillage d\u2019un arbre-salade avant d\u2019en remplir son panier. Se r\u00e9galer \u00e0 la vue d\u2019un fruit d\u2019ak\u00e9bie avant de le cuisiner. Red\u00e9couvrir la saveur d\u2019une fraise des bois. Boire \u00e0 douces lamp\u00e9es un potage d\u2019houttuynie. Respirer une fleur de sureau et se sentir comme Epicure. D\u00e9couvrir une limonade de myrrhe odorante en ap\u00e9ritif et ses brochettes de griottes s\u00e9ch\u00e9es&#8230;<br><br>Autant de vertiges de saveurs. En outre, aucune monotonie alimentaire n\u2019est possible dans ces espaces o\u00f9 la diversit\u00e9 arbor\u00e9e plant\u00e9e avoisine celle, naturelle, de secteurs de la for\u00eat amazonienne (jusqu\u2019\u00e0 300 esp\u00e8ces d\u2019arbres diff\u00e9rents \u00e0 l\u2019hectare !). <br><br>Les ingr\u00e9dients varient forc\u00e9ment au gr\u00e9 des saisons et si la r\u00e9colte de certaines productions s\u2019\u00e9talent sur quelques jours (abricots, prunes, pollen de massette, ch\u00e2taignes, glands doux, fleurs de peupliers), d\u2019autres durent plusieurs mois (cueillette de tubercules ou de jeunes pousses).<br><\/p>\n\n\n\n<div class=\"wp-block-uagb-container uagb-block-38acb58e alignfull uagb-is-root-container\"><div class=\"uagb-container-inner-blocks-wrap\">\n<div class=\"wp-block-uagb-container uagb-block-ce409d88\">\n<figure class=\"wp-block-image aligncenter size-large\"><img loading=\"lazy\" decoding=\"async\" width=\"1024\" height=\"768\" src=\"https:\/\/foretgourmande.fr\/wp-content\/uploads\/2024\/01\/dessert-ehretia_-1024x768.jpg\" alt=\"\" class=\"wp-image-2656\" srcset=\"https:\/\/foretgourmande.fr\/wp-content\/uploads\/2024\/01\/dessert-ehretia_-1024x768.jpg 1024w, https:\/\/foretgourmande.fr\/wp-content\/uploads\/2024\/01\/dessert-ehretia_-300x225.jpg 300w, https:\/\/foretgourmande.fr\/wp-content\/uploads\/2024\/01\/dessert-ehretia_-768x576.jpg 768w, https:\/\/foretgourmande.fr\/wp-content\/uploads\/2024\/01\/dessert-ehretia_-1536x1152.jpg 1536w, https:\/\/foretgourmande.fr\/wp-content\/uploads\/2024\/01\/dessert-ehretia_-2048x1536.jpg 2048w\" sizes=\"auto, (max-width: 1024px) 100vw, 1024px\" \/><figcaption class=\"wp-element-caption\"><em>Dessert fondant d&#8217;ehretias-noisettes-asimines<\/em><\/figcaption><\/figure>\n<\/div>\n\n\n\n<div class=\"wp-block-uagb-container uagb-block-45e12d73\">\n<figure class=\"wp-block-image aligncenter size-large\"><img loading=\"lazy\" decoding=\"async\" width=\"461\" height=\"1024\" src=\"https:\/\/foretgourmande.fr\/wp-content\/uploads\/2024\/01\/2000-Feuilles-de-foret_-461x1024.jpg\" alt=\"\" class=\"wp-image-2657\" srcset=\"https:\/\/foretgourmande.fr\/wp-content\/uploads\/2024\/01\/2000-Feuilles-de-foret_-461x1024.jpg 461w, https:\/\/foretgourmande.fr\/wp-content\/uploads\/2024\/01\/2000-Feuilles-de-foret_-135x300.jpg 135w, https:\/\/foretgourmande.fr\/wp-content\/uploads\/2024\/01\/2000-Feuilles-de-foret_-768x1705.jpg 768w, https:\/\/foretgourmande.fr\/wp-content\/uploads\/2024\/01\/2000-Feuilles-de-foret_-692x1536.jpg 692w, https:\/\/foretgourmande.fr\/wp-content\/uploads\/2024\/01\/2000-Feuilles-de-foret_-922x2048.jpg 922w, https:\/\/foretgourmande.fr\/wp-content\/uploads\/2024\/01\/2000-Feuilles-de-foret_-scaled.jpg 1153w\" sizes=\"auto, (max-width: 461px) 100vw, 461px\" \/><figcaption class=\"wp-element-caption\"><em>2000 feuilles de la for\u00eat<\/em><br><em>par Sugio Yamaguchi<\/em><\/figcaption><\/figure>\n<\/div>\n<\/div><\/div>\n\n\n\n<figure class=\"wp-block-image aligncenter size-large\"><img loading=\"lazy\" decoding=\"async\" width=\"1024\" height=\"642\" src=\"https:\/\/foretgourmande.fr\/wp-content\/uploads\/2024\/01\/tarte-1024x642.jpg\" alt=\"\" class=\"wp-image-2338\" srcset=\"https:\/\/foretgourmande.fr\/wp-content\/uploads\/2024\/01\/tarte-1024x642.jpg 1024w, https:\/\/foretgourmande.fr\/wp-content\/uploads\/2024\/01\/tarte-300x188.jpg 300w, https:\/\/foretgourmande.fr\/wp-content\/uploads\/2024\/01\/tarte-768x482.jpg 768w, https:\/\/foretgourmande.fr\/wp-content\/uploads\/2024\/01\/tarte-1536x963.jpg 1536w, https:\/\/foretgourmande.fr\/wp-content\/uploads\/2024\/01\/tarte.jpg 2048w\" sizes=\"auto, (max-width: 1024px) 100vw, 1024px\" \/><figcaption class=\"wp-element-caption\"><em>Tarte agroforesti\u00e8re r\u00e9alis\u00e9e uniquement avec des<strong> farines de graines d&#8217;arbres<\/strong> : tourteau de noix, ch\u00e2taigne et farine de gland sans tannins &#8211; Patrick Bertron et Louis-Philippe Vigilant, Relais Bernard Loiseau &#8211; For\u00eat Gourmande, juin 2023<\/em><\/figcaption><\/figure>\n\n\n\n<p><br>Ces plats pr\u00e9sentent des ingr\u00e9dients souvent encore m\u00e9connus, pouvant pourtant \u00eatre produits en France voire m\u00eame poussant d\u00e9j\u00e0 autour de chez vous ! La cuisine propos\u00e9e est nutritive, simple et primitive, brute mais d\u00e9licate, con\u00e7ue pour un format quotidien et familial, ou alors plus \u00e9labor\u00e9e, voire gastronomique.<br><br>Pour conclure : plus on va se nourrir \u00e0 partir des for\u00eats jardin\u00e9es et plus on va en planter ! Et \u00e7a c&#8217;est le principe m\u00eame de la reforestation nourrici\u00e8re ! <\/p>\n\n\n\n<div class=\"wp-block-uagb-container uag-blocks-common-selector uagb-block-7cf00ae5 alignfull uagb-is-root-container\"><div class=\"uagb-container-inner-blocks-wrap\">\n<div data-aos= \"zoom-out\" data-aos-duration=\"400\" data-aos-delay=\"0\" data-aos-easing=\"ease\" data-aos-once=\"true\" class=\"wp-block-uagb-call-to-action uagb-block-6c4c3c1d wp-block-button\"><div class=\"uagb-cta__wrap\"><h2 class=\"uagb-cta__title\">Nos Recettes<\/h2><p class=\"uagb-cta__desc\">Retrouvez ci-dessous quelques recettes !<\/p><\/div><div class=\"uagb-cta__buttons\"><a href=\"\/index.php\/recettes\" class=\"uagb-cta__button-link-wrapper wp-block-button__link\" target=\"_blank\" rel=\"noopener noreferrer\">D\u00e9couvrez des recettes gourmandes agro-foresti\u00e8res<\/a><\/div><\/div>\n\n\n\n<div style=\"height:33px\" aria-hidden=\"true\" class=\"wp-block-spacer\"><\/div>\n<\/div><\/div>\n\n\n\n<p class=\"has-text-align-center\">Lien vers notre livre <a href=\"https:\/\/foretgourmande.fr\/index.php\/boutique\/\">&#8220;Parce que la for\u00eat est&#8230; gourmande !&#8221;<\/a><\/p>\n\n\n\n<figure class=\"wp-block-image aligncenter size-large\"><img loading=\"lazy\" decoding=\"async\" width=\"916\" height=\"1024\" src=\"https:\/\/foretgourmande.fr\/wp-content\/uploads\/2024\/01\/cuisine-claire-916x1024.jpg\" alt=\"\" class=\"wp-image-2649\" srcset=\"https:\/\/foretgourmande.fr\/wp-content\/uploads\/2024\/01\/cuisine-claire-916x1024.jpg 916w, https:\/\/foretgourmande.fr\/wp-content\/uploads\/2024\/01\/cuisine-claire-268x300.jpg 268w, https:\/\/foretgourmande.fr\/wp-content\/uploads\/2024\/01\/cuisine-claire-768x858.jpg 768w, https:\/\/foretgourmande.fr\/wp-content\/uploads\/2024\/01\/cuisine-claire.jpg 1233w\" sizes=\"auto, (max-width: 916px) 100vw, 916px\" \/><figcaption class=\"wp-element-caption\"><em>Atelier cuisine anim\u00e9 par Claire Mauqui\u00e9 pour l&#8217;association Tesfec \u00e0 Nanterre : <\/em><br><em>pain d&#8217;\u00e9pice farine de glands, noix de ginkgo grill\u00e9es, mousse ferment\u00e9e de noix, batonnets d&#8217;igname de chine, steak de glands, coca cola de jardin-for\u00eat, boules d&#8217;\u00e9nergie<\/em><\/figcaption><\/figure>\n","protected":false},"excerpt":{"rendered":"<p>CUISINE AGRO-FORESTIERE Une for\u00eat \u00e0 manger produit des comestibles \u00e0 tous les \u00e9tages. Et ces comestibles on les appelle des forestibles. Cuisiner ou crusiner ces ressources est une AUTRE MANI\u00c8RE DE SE NOURRIR. Caresser le feuillage d\u2019un arbre-salade avant d\u2019en remplir son panier. Se r\u00e9galer \u00e0 la vue d\u2019un fruit d\u2019ak\u00e9bie avant de le cuisiner. [&hellip;]<\/p>\n","protected":false},"author":4,"featured_media":0,"parent":0,"menu_order":0,"comment_status":"closed","ping_status":"closed","template":"","meta":{"_uag_custom_page_level_css":"","site-sidebar-layout":"default","site-content-layout":"","ast-site-content-layout":"default","site-content-style":"default","site-sidebar-style":"default","ast-global-header-display":"","ast-banner-title-visibility":"","ast-main-header-display":"","ast-hfb-above-header-display":"","ast-hfb-below-header-display":"","ast-hfb-mobile-header-display":"","site-post-title":"","ast-breadcrumbs-content":"","ast-featured-img":"","footer-sml-layout":"","theme-transparent-header-meta":"","adv-header-id-meta":"","stick-header-meta":"","header-above-stick-meta":"","header-main-stick-meta":"","header-below-stick-meta":"","astra-migrate-meta-layouts":"set","ast-page-background-enabled":"default","ast-page-background-meta":{"desktop":{"background-color":"var(--ast-global-color-4)","background-image":"","background-repeat":"repeat","background-position":"center center","background-size":"auto","background-attachment":"scroll","background-type":"","background-media":"","overlay-type":"","overlay-color":"","overlay-gradient":""},"tablet":{"background-color":"","background-image":"","background-repeat":"repeat","background-position":"center center","background-size":"auto","background-attachment":"scroll","background-type":"","background-media":"","overlay-type":"","overlay-color":"","overlay-gradient":""},"mobile":{"background-color":"","background-image":"","background-repeat":"repeat","background-position":"center center","background-size":"auto","background-attachment":"scroll","background-type":"","background-media":"","overlay-type":"","overlay-color":"","overlay-gradient":""}},"ast-content-background-meta":{"desktop":{"background-color":"var(--ast-global-color-5)","background-image":"","background-repeat":"repeat","background-position":"center center","background-size":"auto","background-attachment":"scroll","background-type":"","background-media":"","overlay-type":"","overlay-color":"","overlay-gradient":""},"tablet":{"background-color":"var(--ast-global-color-5)","background-image":"","background-repeat":"repeat","background-position":"center center","background-size":"auto","background-attachment":"scroll","background-type":"","background-media":"","overlay-type":"","overlay-color":"","overlay-gradient":""},"mobile":{"background-color":"var(--ast-global-color-5)","background-image":"","background-repeat":"repeat","background-position":"center center","background-size":"auto","background-attachment":"scroll","background-type":"","background-media":"","overlay-type":"","overlay-color":"","overlay-gradient":""}},"footnotes":""},"class_list":["post-2424","page","type-page","status-publish","hentry"],"yoast_head":"<!-- This site is optimized with the Yoast SEO plugin v22.1 - https:\/\/yoast.com\/wordpress\/plugins\/seo\/ -->\n<title>Cuisine agroforesti\u00e8re - La For\u00eat Gourmande<\/title>\n<meta name=\"description\" content=\"Cuisiner des forestibles... tout un art ! Qui peut pourtant se r\u00e9v\u00e9ler simple ! Quelques exemples et inspirations ici.\" \/>\n<meta name=\"robots\" content=\"index, follow, max-snippet:-1, max-image-preview:large, max-video-preview:-1\" \/>\n<link rel=\"canonical\" href=\"https:\/\/foretgourmande.fr\/index.php\/cuisine-agroforestiere\/\" \/>\n<meta property=\"og:locale\" content=\"fr_FR\" \/>\n<meta property=\"og:type\" content=\"article\" \/>\n<meta property=\"og:title\" content=\"Cuisine agroforesti\u00e8re - La For\u00eat Gourmande\" \/>\n<meta property=\"og:description\" content=\"Cuisiner des forestibles... tout un art ! Qui peut pourtant se r\u00e9v\u00e9ler simple ! Quelques exemples et inspirations ici.\" \/>\n<meta property=\"og:url\" content=\"https:\/\/foretgourmande.fr\/index.php\/cuisine-agroforestiere\/\" \/>\n<meta property=\"og:site_name\" content=\"La For\u00eat Gourmande\" \/>\n<meta property=\"article:modified_time\" content=\"2024-03-04T07:11:50+00:00\" \/>\n<meta property=\"og:image\" content=\"https:\/\/foretgourmande.fr\/wp-content\/uploads\/2024\/01\/dessert-ehretia_-1024x768.jpg\" \/>\n<meta name=\"twitter:card\" content=\"summary_large_image\" \/>\n<meta name=\"twitter:label1\" content=\"Dur\u00e9e de lecture estim\u00e9e\" \/>\n\t<meta name=\"twitter:data1\" content=\"3 minutes\" \/>\n<script type=\"application\/ld+json\" class=\"yoast-schema-graph\">{\"@context\":\"https:\/\/schema.org\",\"@graph\":[{\"@type\":\"WebPage\",\"@id\":\"https:\/\/foretgourmande.fr\/index.php\/cuisine-agroforestiere\/\",\"url\":\"https:\/\/foretgourmande.fr\/index.php\/cuisine-agroforestiere\/\",\"name\":\"Cuisine agroforesti\u00e8re - La For\u00eat Gourmande\",\"isPartOf\":{\"@id\":\"https:\/\/foretgourmande.fr\/#website\"},\"datePublished\":\"2024-01-23T21:06:14+00:00\",\"dateModified\":\"2024-03-04T07:11:50+00:00\",\"description\":\"Cuisiner des forestibles... tout un art ! Qui peut pourtant se r\u00e9v\u00e9ler simple ! Quelques exemples et inspirations ici.\",\"breadcrumb\":{\"@id\":\"https:\/\/foretgourmande.fr\/index.php\/cuisine-agroforestiere\/#breadcrumb\"},\"inLanguage\":\"fr-FR\",\"potentialAction\":[{\"@type\":\"ReadAction\",\"target\":[\"https:\/\/foretgourmande.fr\/index.php\/cuisine-agroforestiere\/\"]}]},{\"@type\":\"BreadcrumbList\",\"@id\":\"https:\/\/foretgourmande.fr\/index.php\/cuisine-agroforestiere\/#breadcrumb\",\"itemListElement\":[{\"@type\":\"ListItem\",\"position\":1,\"name\":\"Accueil\",\"item\":\"https:\/\/foretgourmande.fr\/\"},{\"@type\":\"ListItem\",\"position\":2,\"name\":\"Cuisine agroforesti\u00e8re\"}]},{\"@type\":\"WebSite\",\"@id\":\"https:\/\/foretgourmande.fr\/#website\",\"url\":\"https:\/\/foretgourmande.fr\/\",\"name\":\"La For\u00eat Gourmande\",\"description\":\"\",\"publisher\":{\"@id\":\"https:\/\/foretgourmande.fr\/#organization\"},\"potentialAction\":[{\"@type\":\"SearchAction\",\"target\":{\"@type\":\"EntryPoint\",\"urlTemplate\":\"https:\/\/foretgourmande.fr\/?s={search_term_string}\"},\"query-input\":\"required name=search_term_string\"}],\"inLanguage\":\"fr-FR\"},{\"@type\":\"Organization\",\"@id\":\"https:\/\/foretgourmande.fr\/#organization\",\"name\":\"La For\u00eat Gourmande\",\"url\":\"https:\/\/foretgourmande.fr\/\",\"logo\":{\"@type\":\"ImageObject\",\"inLanguage\":\"fr-FR\",\"@id\":\"https:\/\/foretgourmande.fr\/#\/schema\/logo\/image\/\",\"url\":\"https:\/\/foretgourmande.fr\/wp-content\/uploads\/2023\/09\/logo-1024x1024.png\",\"contentUrl\":\"https:\/\/foretgourmande.fr\/wp-content\/uploads\/2023\/09\/logo-1024x1024.png\",\"width\":1024,\"height\":1024,\"caption\":\"La For\u00eat Gourmande\"},\"image\":{\"@id\":\"https:\/\/foretgourmande.fr\/#\/schema\/logo\/image\/\"}}]}<\/script>\n<!-- \/ Yoast SEO plugin. -->","yoast_head_json":{"title":"Cuisine agroforesti\u00e8re - La For\u00eat Gourmande","description":"Cuisiner des forestibles... tout un art ! Qui peut pourtant se r\u00e9v\u00e9ler simple ! Quelques exemples et inspirations ici.","robots":{"index":"index","follow":"follow","max-snippet":"max-snippet:-1","max-image-preview":"max-image-preview:large","max-video-preview":"max-video-preview:-1"},"canonical":"https:\/\/foretgourmande.fr\/index.php\/cuisine-agroforestiere\/","og_locale":"fr_FR","og_type":"article","og_title":"Cuisine agroforesti\u00e8re - La For\u00eat Gourmande","og_description":"Cuisiner des forestibles... tout un art ! Qui peut pourtant se r\u00e9v\u00e9ler simple ! Quelques exemples et inspirations ici.","og_url":"https:\/\/foretgourmande.fr\/index.php\/cuisine-agroforestiere\/","og_site_name":"La For\u00eat Gourmande","article_modified_time":"2024-03-04T07:11:50+00:00","og_image":[{"url":"https:\/\/foretgourmande.fr\/wp-content\/uploads\/2024\/01\/dessert-ehretia_-1024x768.jpg"}],"twitter_card":"summary_large_image","twitter_misc":{"Dur\u00e9e de lecture estim\u00e9e":"3 minutes"},"schema":{"@context":"https:\/\/schema.org","@graph":[{"@type":"WebPage","@id":"https:\/\/foretgourmande.fr\/index.php\/cuisine-agroforestiere\/","url":"https:\/\/foretgourmande.fr\/index.php\/cuisine-agroforestiere\/","name":"Cuisine agroforesti\u00e8re - La For\u00eat Gourmande","isPartOf":{"@id":"https:\/\/foretgourmande.fr\/#website"},"datePublished":"2024-01-23T21:06:14+00:00","dateModified":"2024-03-04T07:11:50+00:00","description":"Cuisiner des forestibles... tout un art ! Qui peut pourtant se r\u00e9v\u00e9ler simple ! Quelques exemples et inspirations ici.","breadcrumb":{"@id":"https:\/\/foretgourmande.fr\/index.php\/cuisine-agroforestiere\/#breadcrumb"},"inLanguage":"fr-FR","potentialAction":[{"@type":"ReadAction","target":["https:\/\/foretgourmande.fr\/index.php\/cuisine-agroforestiere\/"]}]},{"@type":"BreadcrumbList","@id":"https:\/\/foretgourmande.fr\/index.php\/cuisine-agroforestiere\/#breadcrumb","itemListElement":[{"@type":"ListItem","position":1,"name":"Accueil","item":"https:\/\/foretgourmande.fr\/"},{"@type":"ListItem","position":2,"name":"Cuisine agroforesti\u00e8re"}]},{"@type":"WebSite","@id":"https:\/\/foretgourmande.fr\/#website","url":"https:\/\/foretgourmande.fr\/","name":"La For\u00eat Gourmande","description":"","publisher":{"@id":"https:\/\/foretgourmande.fr\/#organization"},"potentialAction":[{"@type":"SearchAction","target":{"@type":"EntryPoint","urlTemplate":"https:\/\/foretgourmande.fr\/?s={search_term_string}"},"query-input":"required name=search_term_string"}],"inLanguage":"fr-FR"},{"@type":"Organization","@id":"https:\/\/foretgourmande.fr\/#organization","name":"La For\u00eat Gourmande","url":"https:\/\/foretgourmande.fr\/","logo":{"@type":"ImageObject","inLanguage":"fr-FR","@id":"https:\/\/foretgourmande.fr\/#\/schema\/logo\/image\/","url":"https:\/\/foretgourmande.fr\/wp-content\/uploads\/2023\/09\/logo-1024x1024.png","contentUrl":"https:\/\/foretgourmande.fr\/wp-content\/uploads\/2023\/09\/logo-1024x1024.png","width":1024,"height":1024,"caption":"La For\u00eat Gourmande"},"image":{"@id":"https:\/\/foretgourmande.fr\/#\/schema\/logo\/image\/"}}]}},"uagb_featured_image_src":{"full":false,"thumbnail":false,"medium":false,"medium_large":false,"large":false,"1536x1536":false,"2048x2048":false},"uagb_author_info":{"display_name":"hannah_grandjean","author_link":"https:\/\/foretgourmande.fr\/index.php\/author\/hannah_grandjean\/"},"uagb_comment_info":0,"uagb_excerpt":"CUISINE AGRO-FORESTIERE Une for\u00eat \u00e0 manger produit des comestibles \u00e0 tous les \u00e9tages. Et ces comestibles on les appelle des forestibles. Cuisiner ou crusiner ces ressources est une AUTRE MANI\u00c8RE DE SE NOURRIR. Caresser le feuillage d\u2019un arbre-salade avant d\u2019en remplir son panier. Se r\u00e9galer \u00e0 la vue d\u2019un fruit d\u2019ak\u00e9bie avant de le cuisiner.\u2026","_links":{"self":[{"href":"https:\/\/foretgourmande.fr\/index.php\/wp-json\/wp\/v2\/pages\/2424","targetHints":{"allow":["GET"]}}],"collection":[{"href":"https:\/\/foretgourmande.fr\/index.php\/wp-json\/wp\/v2\/pages"}],"about":[{"href":"https:\/\/foretgourmande.fr\/index.php\/wp-json\/wp\/v2\/types\/page"}],"author":[{"embeddable":true,"href":"https:\/\/foretgourmande.fr\/index.php\/wp-json\/wp\/v2\/users\/4"}],"replies":[{"embeddable":true,"href":"https:\/\/foretgourmande.fr\/index.php\/wp-json\/wp\/v2\/comments?post=2424"}],"version-history":[{"count":3,"href":"https:\/\/foretgourmande.fr\/index.php\/wp-json\/wp\/v2\/pages\/2424\/revisions"}],"predecessor-version":[{"id":2849,"href":"https:\/\/foretgourmande.fr\/index.php\/wp-json\/wp\/v2\/pages\/2424\/revisions\/2849"}],"wp:attachment":[{"href":"https:\/\/foretgourmande.fr\/index.php\/wp-json\/wp\/v2\/media?parent=2424"}],"curies":[{"name":"wp","href":"https:\/\/api.w.org\/{rel}","templated":true}]}}